{"id":353,"date":"2020-04-21T17:58:40","date_gmt":"2020-04-21T17:58:40","guid":{"rendered":"http:\/\/fm5.de\/?page_id=353"},"modified":"2020-04-26T16:55:12","modified_gmt":"2020-04-26T16:55:12","slug":"organspende","status":"publish","type":"page","link":"https:\/\/fm5.de\/?page_id=353","title":{"rendered":"Organspende"},"content":{"rendered":"\t\t<div data-elementor-type=\"wp-page\" data-elementor-id=\"353\" class=\"elementor elementor-353\">\n\t\t\t\t\t\t<div class=\"elementor-inner\">\n\t\t\t\t<div class=\"elementor-section-wrap\">\n\t\t\t\t\t\t\t\t\t<section class=\"elementor-section elementor-top-section elementor-element elementor-element-10802056 elementor-section-boxed elementor-section-height-default elementor-section-height-default\" data-id=\"10802056\" data-element_type=\"section\">\n\t\t\t\t\t\t<div class=\"elementor-container elementor-column-gap-default\">\n\t\t\t\t\t\t\t<div class=\"elementor-row\">\n\t\t\t\t\t<div class=\"elementor-column elementor-col-100 elementor-top-column elementor-element elementor-element-2748fba0\" data-id=\"2748fba0\" data-element_type=\"column\">\n\t\t\t<div class=\"elementor-column-wrap elementor-element-populated\">\n\t\t\t\t\t\t\t<div class=\"elementor-widget-wrap\">\n\t\t\t\t\t\t<div class=\"elementor-element elementor-element-859bd19 elementor-widget elementor-widget-text-editor\" data-id=\"859bd19\" data-element_type=\"widget\" data-widget_type=\"text-editor.default\">\n\t\t\t\t<div class=\"elementor-widget-container\">\n\t\t\t\t\t\t\t\t<div class=\"elementor-text-editor elementor-clearfix\">\n\t\t\t\t<p>Dr. rer. medic. Felix Morscheck, April 2020<\/p>\t\t\t\t\t<\/div>\n\t\t\t\t\t\t<\/div>\n\t\t\t\t<\/div>\n\t\t\t\t<div class=\"elementor-element elementor-element-51ca3c6 elementor-widget elementor-widget-image\" data-id=\"51ca3c6\" data-element_type=\"widget\" data-widget_type=\"image.default\">\n\t\t\t\t<div class=\"elementor-widget-container\">\n\t\t\t\t\t\t\t\t<div class=\"elementor-image\">\n\t\t\t\t\t\t\t\t\t\t\t\t<img width=\"2560\" height=\"1054\" src=\"https:\/\/fm5.de\/wp-content\/uploads\/2020\/04\/823-scaled.jpg\" class=\"attachment-full size-full wp-image-359\" alt=\"\" loading=\"lazy\" srcset=\"https:\/\/fm5.de\/wp-content\/uploads\/2020\/04\/823-scaled.jpg 2560w, https:\/\/fm5.de\/wp-content\/uploads\/2020\/04\/823-300x124.jpg 300w, https:\/\/fm5.de\/wp-content\/uploads\/2020\/04\/823-1024x422.jpg 1024w, https:\/\/fm5.de\/wp-content\/uploads\/2020\/04\/823-768x316.jpg 768w, https:\/\/fm5.de\/wp-content\/uploads\/2020\/04\/823-1536x632.jpg 1536w, https:\/\/fm5.de\/wp-content\/uploads\/2020\/04\/823-2048x843.jpg 2048w\" sizes=\"(max-width: 2560px) 100vw, 2560px\" \/>\t\t\t\t\t\t\t\t\t\t\t\t\t\t<\/div>\n\t\t\t\t\t\t<\/div>\n\t\t\t\t<\/div>\n\t\t\t\t<div class=\"elementor-element elementor-element-38ae7a0 elementor-widget elementor-widget-text-editor\" data-id=\"38ae7a0\" data-element_type=\"widget\" data-widget_type=\"text-editor.default\">\n\t\t\t\t<div class=\"elementor-widget-container\">\n\t\t\t\t\t\t\t\t<div class=\"elementor-text-editor elementor-clearfix\">\n\t\t\t\t<p>Organspende ist ein wichtiges Thema. 2012 wurde den Krankenkassen auferlegt, ihre Kunden \u00fcber die Organspende aufzukl\u00e4ren, damit jede B\u00fcrgerin und jeder B\u00fcrger einen Organspendeausweis ausf\u00fcllt und damit eine Entscheidung trifft, Organe spenden zu wollen oder nicht.<\/p>\n<p>In Deutschland muss man einer Organspende zustimmen. Durch eine Patientenverf\u00fcgung oder noch einfacher einen Organspendeausweis, kann man diese Zustimmung erteilen oder eben auch verwehren. Ist man nicht mehr in der Lage, eine Entscheidung zu treffen, da man z.B. bewu\u00dftlos ist oder im Koma liegt, m\u00fcssen die Angeh\u00f6rigen eine Entscheidung treffen. Man m\u00f6chte aber, dass m\u00f6glichst viele Menschen die Entscheidung selbst treffen und hofft, z.B. durch Aufkl\u00e4rung bei \u00c4rzten und von Krankenkassen, die Zahl der Menschen zu erh\u00f6hen, die einen Organspendeausweis haben. <\/p>\n<p>Der Film, den ich hier eingebunden habe, ist von 2014 und heute in 2020 hat das Thema seine Brisanz nicht verloren. <\/p>\n<p>Die Ma\u00dfnahmen der Aufkl\u00e4rung haben (noch) nicht gewirkt. Immer noch haben viel&nbsp; zu wenige Menschen eine Entscheidung getroffen und haben keinen Organspendeausweis. Das ist besonders schade, da viele Menschen eine Organspende positiv sehen und bereit w\u00e4ren, zu spenden. Den Schritt, dann auch wirklich einen Organspendeausweis auszuf\u00fcllen, gehen aber nur wenige (siehe Infokasten zur BzGA-Repr\u00e4sentativbefragung 2018&nbsp; weiter unten).<\/p>\n<div>Einen Vorsto\u00df f\u00fcr eine Gesetzes\u00e4nderung in 2020, eine Form der Widerspruchsl\u00f6sung einzuf\u00fchren, ist gescheitert. Es ist also umso wichtiger aufzukl\u00e4ren, sich mit dem Thema zu besch\u00e4ftigen und schlie\u00dflich auf Grundlage von seri\u00f6sen Informationen, eine Entscheidung zu treffen.<\/div>\n<p><\/p>\t\t\t\t\t<\/div>\n\t\t\t\t\t\t<\/div>\n\t\t\t\t<\/div>\n\t\t\t\t<div class=\"elementor-element elementor-element-6b7c12b8 elementor-widget elementor-widget-text-editor\" data-id=\"6b7c12b8\" data-element_type=\"widget\" data-widget_type=\"text-editor.default\">\n\t\t\t\t<div class=\"elementor-widget-container\">\n\t\t\t\t\t\t\t\t<div class=\"elementor-text-editor elementor-clearfix\">\n\t\t\t\t<!-- wp:themeisle-blocks\/advanced-columns {\"id\":\"wp-block-themeisle-blocks-advanced-columns-04d31157\",\"columns\":1,\"layout\":\"equal\"} -->\n<div class=\"wp-block-themeisle-blocks-advanced-columns has-1-columns has-desktop-equal-layout has-tablet-equal-layout has-mobile-equal-layout has-default-gap has-vertical-unset\" id=\"wp-block-themeisle-blocks-advanced-columns-04d31157\"><div class=\"wp-block-themeisle-blocks-advanced-columns-overlay\"><\/div><div class=\"innerblocks-wrap\"><!-- wp:themeisle-blocks\/advanced-column {\"id\":\"wp-block-themeisle-blocks-advanced-column-09445ce2\",\"columnWidth\":\"100\"} -->\n<div class=\"wp-block-themeisle-blocks-advanced-column\" id=\"wp-block-themeisle-blocks-advanced-column-09445ce2\"><!-- wp:html -->\n<div style=\"position: relative; height: 0; overflow: hidden; padding-bottom: 56.25%;\"><iframe src=\"https:\/\/www.planet-schule.de\/sf\/embed.php?source=sendung:9320\" style=\"position: absolute; top:0; left: 0; width: 100%; height: 100%; overflow: hidden;\" frameborder=\"0\" scrolling=\"no\" allow=\"autoplay\" allowfullscreen><\/iframe><\/div>\n<!-- \/wp:html --><\/div>\n<!-- \/wp:themeisle-blocks\/advanced-column --><\/div><\/div>\n<!-- \/wp:themeisle-blocks\/advanced-columns -->\n\n<!-- wp:paragraph -->\n<p><\/p>\n<!-- \/wp:paragraph -->\t\t\t\t\t<\/div>\n\t\t\t\t\t\t<\/div>\n\t\t\t\t<\/div>\n\t\t\t\t\t\t<\/div>\n\t\t\t\t\t<\/div>\n\t\t<\/div>\n\t\t\t\t\t\t\t\t<\/div>\n\t\t\t\t\t<\/div>\n\t\t<\/section>\n\t\t\t\t<section class=\"elementor-section elementor-top-section elementor-element elementor-element-e10ba2b elementor-section-boxed elementor-section-height-default elementor-section-height-default\" data-id=\"e10ba2b\" data-element_type=\"section\">\n\t\t\t\t\t\t<div class=\"elementor-container elementor-column-gap-default\">\n\t\t\t\t\t\t\t<div class=\"elementor-row\">\n\t\t\t\t\t<div class=\"elementor-column elementor-col-100 elementor-top-column elementor-element elementor-element-4c29203\" data-id=\"4c29203\" data-element_type=\"column\">\n\t\t\t<div class=\"elementor-column-wrap elementor-element-populated\">\n\t\t\t\t\t\t\t<div class=\"elementor-widget-wrap\">\n\t\t\t\t\t\t<div class=\"elementor-element elementor-element-b9088e5 elementor-widget elementor-widget-text-editor\" data-id=\"b9088e5\" data-element_type=\"widget\" data-widget_type=\"text-editor.default\">\n\t\t\t\t<div class=\"elementor-widget-container\">\n\t\t\t\t\t\t\t\t<div class=\"elementor-text-editor elementor-clearfix\">\n\t\t\t\t\t\t\t\t\t<\/div>\n\t\t\t\t\t\t<\/div>\n\t\t\t\t<\/div>\n\t\t\t\t<div class=\"elementor-element elementor-element-c11f1c6 elementor-widget elementor-widget-testimonial\" data-id=\"c11f1c6\" data-element_type=\"widget\" data-widget_type=\"testimonial.default\">\n\t\t\t\t<div class=\"elementor-widget-container\">\n\t\t\t\t\t<div class=\"elementor-testimonial-wrapper\">\n\t\t\t\t\t\t\t<div class=\"elementor-testimonial-content\"><p>Inhaltsbeschreibung des Films: <br>Lea ist 16 Jahre alt und lebt mit einem Spenderorgan. Mit elf Jahren \nmusste sie eine neue Leber bekommen, weil ihr eigener K\u00f6rper das Organ \nabstie\u00df. Zum Gl\u00fcck konnten ihr die \u00c4rzte rechtzeitig mit einer \nOrgantransplantation helfen. Das ist nicht selbstverst\u00e4ndlich. Viele \nMenschen warten noch: Rund 12000 stehen derzeit in Deutschland auf der \nWarteliste f\u00fcr ein Spenderorgan. Gleichzeitig haben nach Betrugsf\u00e4llen \nbei der Vergabe viele Deutsche ihr Vertrauen in ein faires \nOrganspendesystem verloren. Aber wie l\u00e4uft eine Organspende in \nDeutschland eigentlich ab? Was hat sich seit dem Skandal daran ge\u00e4ndert?\n Was kann ich auf dem Organspendeausweis angeben? Und was genau ist der \nHirntod? Wir geben Antworten auf diese Fragen und treffen \u00c4rzte, \nVerantwortliche und Jugendliche mit Spenderorgan.  Quelle: planet-schule.de<\/p><\/div>\n\t\t\t\n\t\t\t\t\t<\/div>\n\t\t\t\t<\/div>\n\t\t\t\t<\/div>\n\t\t\t\t<div class=\"elementor-element elementor-element-f3f2607 elementor-widget elementor-widget-text-editor\" data-id=\"f3f2607\" data-element_type=\"widget\" data-widget_type=\"text-editor.default\">\n\t\t\t\t<div class=\"elementor-widget-container\">\n\t\t\t\t\t\t\t\t<div class=\"elementor-text-editor elementor-clearfix\">\n\t\t\t\t<p><a href=\"https:\/\/www.planet-schule.de\/fileadmin\/dam_media\/swr\/organspende_-_zweite_chance_fuers_leben\/pdfdoc\/organspende_ab1.pdf\">Arbeitsblatt 1<\/a><\/p><p><a href=\"https:\/\/www.planet-schule.de\/fileadmin\/dam_media\/swr\/organspende_-_zweite_chance_fuers_leben\/pdfdoc\/organspende_ab2.pdf\">Arbeitsblatt 2<\/a><\/p>\n<p><\/p>\t\t\t\t\t<\/div>\n\t\t\t\t\t\t<\/div>\n\t\t\t\t<\/div>\n\t\t\t\t<div class=\"elementor-element elementor-element-fe86f21 elementor-widget elementor-widget-spacer\" data-id=\"fe86f21\" data-element_type=\"widget\" data-widget_type=\"spacer.default\">\n\t\t\t\t<div class=\"elementor-widget-container\">\n\t\t\t\t\t<div class=\"elementor-spacer\">\n\t\t\t<div class=\"elementor-spacer-inner\"><\/div>\n\t\t<\/div>\n\t\t\t\t<\/div>\n\t\t\t\t<\/div>\n\t\t\t\t\t\t<\/div>\n\t\t\t\t\t<\/div>\n\t\t<\/div>\n\t\t\t\t\t\t\t\t<\/div>\n\t\t\t\t\t<\/div>\n\t\t<\/section>\n\t\t\t\t<section class=\"elementor-section elementor-top-section elementor-element elementor-element-4f1e8e3 elementor-section-boxed elementor-section-height-default elementor-section-height-default\" data-id=\"4f1e8e3\" data-element_type=\"section\">\n\t\t\t\t\t\t<div class=\"elementor-container elementor-column-gap-default\">\n\t\t\t\t\t\t\t<div class=\"elementor-row\">\n\t\t\t\t\t<div class=\"elementor-column elementor-col-100 elementor-top-column elementor-element elementor-element-700f8ce\" data-id=\"700f8ce\" data-element_type=\"column\">\n\t\t\t<div class=\"elementor-column-wrap elementor-element-populated\">\n\t\t\t\t\t\t\t<div class=\"elementor-widget-wrap\">\n\t\t\t\t\t\t<div class=\"elementor-element elementor-element-45bee9c elementor-widget elementor-widget-text-editor\" data-id=\"45bee9c\" data-element_type=\"widget\" data-widget_type=\"text-editor.default\">\n\t\t\t\t<div class=\"elementor-widget-container\">\n\t\t\t\t\t\t\t\t<div class=\"elementor-text-editor elementor-clearfix\">\n\t\t\t\t<div>\n<div>\n<div>\n<div>\n<h3 style=\"text-align: left;\">BZgA-Repr\u00e4sentativbefragung 2018<\/h3>\n<\/div>\n<\/div>\n<\/div>\n<\/div>\n<p>Ein zentrales Ergebnis der Befragung ist eine generell positive Einstellung des Gro\u00dfteils der Befragten zum Thema Organ- und Gewebespende. 84 Prozent der Befragten stehen in der aktuellen Untersuchung einer Organ- und Gewebespende eher positiv gegen\u00fcber, 2012 waren es 78 Prozent. Die Bereitschaft zur Organ- und Gewebespende ist seit 2012 konstant hoch: Grunds\u00e4tzlich w\u00e4ren 72 Prozent der Befragten bereit, selbst Spenderin oder Spender zu werden. 21 Prozent w\u00e4ren damit nicht einverstanden.<\/p>\n<p>Trotz dieser \u00fcberwiegend positiven Haltungen zum Thema haben nur 56 Prozent der Befragten eine Entscheidung zur Organ- und Gewebespende getroffen: Bei 39 Prozent wurde der Entschluss in einem Organspendeausweis und \/ oder einer Patientenverf\u00fcgung dokumentiert, und bei 17 Prozent wurde eine Entscheidung zwar getroffen, aber nicht schriftlich fixiert. 42 Prozent haben bisher keine Entscheidung zur Organ- und Gewebespende getroffen.&#8220; <a href=\"https:\/\/www.organspende-info.de\/fileadmin\/Organspende\/05_Mediathek\/04_Studien\/BZgA_Studie_Organspende_2018_Ergebnisbericht.pdf\">Link zum vollen Ergebnisbericht<\/a><\/p>\t\t\t\t\t<\/div>\n\t\t\t\t\t\t<\/div>\n\t\t\t\t<\/div>\n\t\t\t\t\t\t<\/div>\n\t\t\t\t\t<\/div>\n\t\t<\/div>\n\t\t\t\t\t\t\t\t<\/div>\n\t\t\t\t\t<\/div>\n\t\t<\/section>\n\t\t\t\t\t\t\t\t\t<\/div>\n\t\t\t<\/div>\n\t\t\t\t\t<\/div>\n\t\t","protected":false},"excerpt":{"rendered":"<p>Dr. rer. medic. Felix Morscheck, April 2020 Organspende ist ein wichtiges Thema. 2012 wurde den Krankenkassen auferlegt, ihre Kunden \u00fcber die Organspende aufzukl\u00e4ren, damit jede B\u00fcrgerin und jeder B\u00fcrger einen Organspendeausweis ausf\u00fcllt und damit eine Entscheidung trifft, Organe spenden zu wollen oder nicht. In Deutschland muss man einer Organspende zustimmen. Durch eine Patientenverf\u00fcgung oder noch&hellip;&nbsp;<a href=\"https:\/\/fm5.de\/?page_id=353\" rel=\"bookmark\">Weiterlesen &raquo;<span class=\"screen-reader-text\">Organspende<\/span><\/a><\/p>\n","protected":false},"author":2,"featured_media":0,"parent":0,"menu_order":0,"comment_status":"closed","ping_status":"closed","template":"","meta":{"neve_meta_sidebar":"full-width","neve_meta_container":"","neve_meta_enable_content_width":"on","neve_meta_content_width":100,"neve_meta_title_alignment":"","neve_meta_author_avatar":"","neve_post_elements_order":"","neve_meta_disable_header":"","neve_meta_disable_footer":"","neve_meta_disable_title":"","_themeisle_gutenberg_block_has_review":false},"amp_enabled":true,"_links":{"self":[{"href":"https:\/\/fm5.de\/index.php?rest_route=\/wp\/v2\/pages\/353"}],"collection":[{"href":"https:\/\/fm5.de\/index.php?rest_route=\/wp\/v2\/pages"}],"about":[{"href":"https:\/\/fm5.de\/index.php?rest_route=\/wp\/v2\/types\/page"}],"author":[{"embeddable":true,"href":"https:\/\/fm5.de\/index.php?rest_route=\/wp\/v2\/users\/2"}],"replies":[{"embeddable":true,"href":"https:\/\/fm5.de\/index.php?rest_route=%2Fwp%2Fv2%2Fcomments&post=353"}],"version-history":[{"count":15,"href":"https:\/\/fm5.de\/index.php?rest_route=\/wp\/v2\/pages\/353\/revisions"}],"predecessor-version":[{"id":406,"href":"https:\/\/fm5.de\/index.php?rest_route=\/wp\/v2\/pages\/353\/revisions\/406"}],"wp:attachment":[{"href":"https:\/\/fm5.de\/index.php?rest_route=%2Fwp%2Fv2%2Fmedia&parent=353"}],"curies":[{"name":"wp","href":"https:\/\/api.w.org\/{rel}","templated":true}]}}